 4?
1
Let s(i) = i**2 - 38*i + 30. Let r be s(39). Calculate the highest common factor of 46 and r.
23
Let f = 2298 + -2118. Calculate the greatest common divisor of f and 405.
45
Suppose -n + 3 + 0 = 0, 5*t + 4*n = 117. Calculate the greatest common factor of 63 and t.
21
Let m be 379 - (8 - 4 - -3). Calculate the highest common divisor of m and 96.
12
Let s = -45 + 51. Suppose d = -2*d - 3*k - 3, -2*d = 5*k + 14. Suppose -d*r + 7 = -11. Calculate the greatest common divisor of s and r.
6
Suppose 4*b + 16 = 4*k, 2*k - 3*k + 4 = 0. Suppose -o + 49 = 3*f, -108 = -b*o - 3*o + 4*f. Calculate the greatest common divisor of 160 and o.
40
Let n = 507 + -484. Calculate the greatest common factor of 368 and n.
23
Suppose -3*c = 58 - 292. Let z = c + -42. Let f = -9 + 13. What is the highest common factor of f and z?
4
Let t = -1986 - -1996. Let h = 22 - 2. What is the highest common divisor of t and h?
10
Let n = 191 + -184. What is the highest common factor of n and 21?
7
Suppose -3*v - 6*l + 47 = -2*l, 33 = v - 3*l. Suppose -4*t = -t - 1506. Suppose -166 = 4*o - t. Calculate the highest common divisor of v and o.
21
Let v = 85 + -88. Let m be v*2/3 - (-28)/4. Calculate the highest common divisor of m and 5.
5
Let h be (-43 + 3)*(-75)/40. What is the highest common divisor of h and 200?
25
Suppose -498 = 2*b - u + 3*u, -3*u + 249 = -b. Let z = -40 - b. Let m = 365 - z. What is the greatest common divisor of 26 and m?
26
Suppose 2*n + 2*j - 235 = 7*j, n - 122 = 4*j. What is the highest common divisor of 20 and n?
10
Suppose 755*b - 768*b = -1131. Suppose -i + 5*i - 24 = -4*v, 18 = 5*i + v. Suppose -i*z + 21 = -66. What is the highest common divisor of z and b?
29
Let d = -2 + -7. Let h = 14 + d. Suppose 114 = 5*n - h*f + f, 3*f = -4*n + 85. What is the greatest common factor of n and 2?
2
Let u = 3017 - 3001. Suppose 0 = -3*y + 3*i + 6 + 3, -4*y + 13 = -3*i. Calculate the greatest common divisor of y and u.
4
Let j(w) = 6*w**3 + 85*w**2 + 17*w + 57. Let y be j(-14). Let f(v) = -v**2 + 7*v + 4. Let g be f(6). Calculate the greatest common divisor of y and g.
5
Suppose 2754*x - 2770*x = -1872. Calculate the greatest common factor of 261 and x.
9
Let g(o) = -o**3 + 15*o**2 + 16*o + 6. Let d be g(16). Suppose d*x - 13*x + 287 = 0. Calculate the highest common divisor of x and 123.
41
Suppose -q = 3*q - 160. Suppose -q = 10*n - 15*n. Calculate the highest common factor of 72 and n.
8
Let x be 110/880 - (-238)/16. Let j be (-446)/(-10) + (-2)/(-5). What is the highest common divisor of j and x?
15
Suppose 32*q = 55*q - 598. What is the greatest common divisor of q and 611?
13
Suppose 5*v + 3315 = 16*i - 11*i, 2*i + 3*v = 1341. What is the highest common factor of i and 72?
18
Let l = 23 + 25. Suppose 0 = 9*c - 159 - 129. What is the highest common factor of l and c?
16
Let r = -231 + 232. Calculate the greatest common divisor of 32 and r.
1
Suppose 2*u + 300 - 820 = 0. Suppose -m = 2, 5*x - m - 4*m - u = 0. What is the highest common divisor of 10 and x?
10
Suppose 4*b - 9 = -5*u + 32, 2*u + 16 = 2*b. Let p be (-1 + 82*1)*1. What is the greatest common divisor of b and p?
9
Let b = -452 - -836. Suppose 5*n = -j + 100, -4*n = 4*j - 0*n - b. Calculate the greatest common divisor of 19 and j.
19
Let h(z) = 16*z + 372. Let q be h(0). Calculate the highest common divisor of q and 24.
12
Suppose -26*d = 7*d - 132. What is the highest common divisor of 29 and d?
1
Let z(x) = -8*x - 8. Let d = 31 + -33. Let v be z(d). Suppose -4*n - n = -360. Calculate the highest common divisor of v and n.
8
Let d be (-65)/91*-7 + -2 + 218. What is the greatest common factor of d and 13?
13
Let p be 100/30 + (-4)/3. Let x be (-2 + 1)*(-21 - p). What is the highest common factor of x and 92?
23
Suppose -2*x + 4*i + 20 = -0*x, 10 = x - 5*i. Let w(y) = -y + 112. Let l be w(32). What is the highest common factor of x and l?
10
Let t = -455 + 515. Let u(p) = -p**2 + 7*p - 2. Let o be u(6). Let h = 20 + o. What is the greatest common factor of t and h?
12
Let m be 5/20*4 - -29. Let s(z) = z**3 - 13*z**2 + 12*z + 2. Let r be s(12). Suppose r*o - 27 - 33 = 0. What is the greatest common divisor of o and m?
30
Let v = -119 + 147. Calculate the highest common divisor of v and 32.
4
Let i(x) = -16 + 5*x**2 + 3*x - 2*x**2 - x**2 - 31. Let t be i(-7). What is the highest common factor of 75 and t?
15
Let h be -2 - 2*33/(-6). Suppose -2 = -10*b + h*b. Let n be 1/(58/(-30) + b). Calculate the highest common factor of n and 135.
15
Let h(x) = -x + 7. Let l be h(4). Suppose 2*c - 109 = -l*u + 2*u, 216 = 4*c + 4*u. Calculate the greatest common divisor of 11 and c.
11
Let c(z) = -z**3 - 8*z**2 + 4*z - 32. Let w be c(-9). What is the highest common factor of w and 4381?
13
Suppose w - 2*w - 2*j + 96 = 0, -2*w + 3*j + 213 = 0. Calculate the greatest common factor of w and 6.
6
Let n(g) = 5*g + 31. Let p be n(-5). Let o(q) = 3*q + 1 - q**2 + 5*q - 7. Let b be o(p). What is the greatest common factor of 2 and b?
2
Suppose 3*d - j = -4*j + 78, j = -4. Suppose -7 = -3*v - 3*t + 17, 4*v + 5*t = d. Calculate the highest common divisor of v and 20.
10
Let w(h) be the third derivative of h**5/15 - h**4/8 + h**2. Let p be w(2). Suppose 23 + 3 = 13*b. What is the greatest common factor of b and p?
2
Suppose 0 = -2*s + s + 27. Suppose 0 = -11*a - 18*a + 9918. Suppose 5*m + s = a. Calculate the highest common divisor of m and 9.
9
Let x be (-2)/9 - 146/(-9). Suppose 18*l - 76*l = -928. What is the highest common divisor of x and l?
16
Suppose -3*v + 64 = 2*i - 128, -3*i + 286 = 5*v. Calculate the greatest common factor of i and 153.
51
Let p(g) = -3*g**3 - 4*g**2 + 34*g + 9. Let t be p(-5). Let x(l) = l**2 - 3*l + 10. Let z be x(7). What is the greatest common divisor of t and z?
38
Let z(c) = -8*c - 18. Let l be z(-6). Calculate the highest common divisor of 150 and l.
30
Let g be 2/((-188)/(-36) - 5). Let d be 12*((-1)/4 + g/12). Calculate the highest common divisor of 42 and d.
6
Let z(n) = 2*n**2 - 42*n + 248. Let h be z(8). What is the greatest common factor of 1720 and h?
40
Suppose 7*t = 4*t - 114. Let k = 59 + t. Calculate the highest common divisor of k and 84.
21
Let y(a) = 2 - 12*a + 10 + a**2 + 1. Suppose 6*h - 5*w - 50 = h, -29 = -3*h + 4*w. Let t be y(h). What is the highest common divisor of 8 and t?
2
Let q(o) = -o + 16. Let f be q(5). Let b be f*(-52)/4*-1. What is the highest common divisor of 13 and b?
13
Let f(m) = -2*m + 11. Suppose -t + 3*h + 4 = 15, 0 = 4*t + 5*h + 10. Let s be f(t). Let u = 49 - -14. What is the highest common factor of u and s?
21
Suppose 0 = 5*g - 93 - 62. Suppose 0 = 4*h - 2*x - 610, 0 = -2*h + 2*x + 47 + 253. Calculate the greatest common divisor of g and h.
31
Let b(l) be the first derivative of -l**3/3 + l**2/2 + 80*l - 4. Let a be b(0). Calculate the greatest common factor of 20 and a.
20
Suppose -j = 4*n - 2*n - 4, -5*n + 22 = 4*j. Let u(b) = -50*b + 1352. Let p be u(27). Calculate the greatest common factor of j and p.
2
Suppose 0 = -5*r + 156 + 89. Suppose a + 4*y = r, -a - a + 91 = y. Let o(v) = 3*v**2 + 2*v + 1. Let s be o(-2). What is the greatest common divisor of s and a?
9
Let v = 288 + -136. Calculate the highest common factor of 8 and v.
8
Let z be 206/6 - ((-138)/18 - -7). Calculate the greatest common divisor of 10 and z.
5
Suppose -9*q + 2 = -142. Suppose 6*o = 5*o + q. What is the highest common factor of 8 and o?
8
Suppose 15 = -3*l + 3*w, 2*w - 2 = 6. Let v be l/((-5)/(-35)*-1). What is the greatest common factor of 56 and v?
7
Let w(d) = d**3 + 10*d**2 + 11*d - 18. Let q be w(-6). Calculate the highest common divisor of q and 135.
15
Let s(b) = b**2 + 5*b + 9. Let v be s(-3). Calculate the greatest common factor of v and 2.
1
Let q(s) = 3*s**2 - 7*s + 38. Let g be q(15). What is the greatest common divisor of g and 32?
32
Suppose -2*y - 428 = 2*y. Let z = 165 + y. Let p = z + -31. Calculate the highest common factor of p and 189.
27
Let a be 3/(-6) - (-45)/(-18). Let q(v) = -34*v - 12. Let n be q(a). Calculate the highest common factor of n and 10.
10
Suppose 13*x - 57 = 203. Suppose 0 = -n - n - 24. Let w = n + 22. What is the highest common factor of x and w?
10
Let h = 45 + -29. Suppose 979 = 5*s + 2*u + 234, 5*s = 2*u + 765. Suppose -s = 